14878134?
1
What is the millions digit of 146916131?
6
What is the thousands digit of 418046172?
6
What is the ten thousands digit of 410433111?
3
What is the ten thousands digit of 170417544?
1
What is the tens digit of 15922962?
6
What is the units digit of 2705584343?
3
What is the ten millions digit of 801639549?
0
What is the hundred millions digit of 194700832?
1
What is the hundred millions digit of 1382239762?
3
What is the hundred thousands digit of 32594039?
5
What is the hundred millions digit of 233532295?
2
What is the ten millions digit of 18768523?
1
What is the tens digit of 3286261167?
6
What is the ten millions digit of 1578170692?
7
What is the millions digit of 929035309?
9
What is the hundred thousands digit of 89099880?
0
What is the hundred millions digit of 110614724?
1
What is the thousands digit of 115771026?
1
What is the ten thousands digit of 1451855327?
5
What is the hundreds digit of 1487050731?
7
What is the millions digit of 1245831372?
5
What is the thousands digit of 53411571?
1
What is the tens digit of 17377691?
9
What is the hundreds digit of 790624441?
4
What is the ten millions digit of 80144947?
8
What is the ten thousands digit of 48731093?
3
What is the hundreds digit of 170986516?
5
What is the ten millions digit of 4083136995?
8
What is the ten millions digit of 6343066525?
4
What is the ten millions digit of 774366574?
7
What is the ten millions digit of 75796627?
7
What is the hundreds digit of 134315148?
1
What is the tens digit of 3598896146?
4
What is the ten thousands digit of 139939172?
3
What is the millions digit of 114395975?
4
What is the hundred millions digit of 713362375?
7
What is the ten millions digit of 434040621?
3
What is the hundred millions digit of 1737816015?
7
What is the thousands digit of 1982853940?
3
What is the hundred thousands digit of 88770261?
7
What is the billions digit of 2529209988?
2
What is the millions digit of 2037999010?
7
What is the ten millions digit of 33673139?
3
What is the millions digit of 517855067?
7
What is the ten millions digit of 3102804767?
0
What is the ten thousands digit of 76559554?
5
What is the ten millions digit of 118928764?
1
What is the tens digit of 427061784?
8
What is the ten millions digit of 233482492?
3
What is the millions digit of 768571070?
8
What is the thousands digit of 222260260?
0
What is the ten thousands digit of 3293339?
9
What is the hundred millions digit of 1182759210?
1
What is the hundreds digit of 47950591?
5
What is the hundred thousands digit of 4805704513?
7
What is the hundred thousands digit of 34051484?
0
What is the millions digit of 58368216?
8
What is the hundred thousands digit of 332483590?
4
What is the units digit of 51076304?
4
What is the hundreds digit of 92766913?
9
What is the millions digit of 320291684?
0
What is the hundred millions digit of 360580091?
3
What is the tens digit of 10405623?
2
What is the hundreds digit of 626442976?
9
What is the tens digit of 94683466?
6
What is the ten thousands digit of 2001849977?
4
What is the thousands digit of 948095690?
5
What is the tens digit of 76372469?
6
What is the thousands digit of 3861142785?
2
What is the hundred millions digit of 470052123?
4
What is the hundreds digit of 659005665?
6
What is the hundred thousands digit of 74455005?
4
What is the thousands digit of 3457856423?
6
What is the hundreds digit of 71336284?
2
What is the ten millions digit of 26188713?
2
What is the hundred thousands digit of 75740075?
7
What is the ten millions digit of 1433412005?
3
What is the hundreds digit of 23468138?
1
What is the hundred thousands digit of 2092767558?
7
What is the tens digit of 6561795682?
8
What is the hundred thousands digit of 171654077?
6
What is the tens digit of 504979141?
4
What is the hundreds digit of 24871572?
5
What is the ten millions digit of 699638325?
9
What is the hundred thousands digit of 197905311?
9
What is the tens digit of 1763396769?
6
What is the hundreds digit of 138797199?
1
What is the ten millions digit of 503399350?
0
What is the units digit of 2449066486?
6
What is the ten thousands digit of 33116300?
1
What is the tens digit of 191670174?
7
What is the hundreds digit of 125780539?
5
What is the thousands digit of 1083805721?
5
What is the units digit of 1018160002?
2
What is the millions digit of 1015546884?
5
What is the ten millions digit of 77619802?
7
What is the ten millions digit of 7530241264?
3
What is the ten thousands digit of 1402056560?
5
What is the hundred thousands digit of 1134333603?
3
What is the ten thousands digit of 498889958?
8
What is the hundreds digit of 39876982?
9
What is the thousands digit of 76541942?
1
What is the thousands digit of 848026316?
6
What is the units digit of 52262089?
9
What is the units digit of 16447203?
3
What is the millions digit of 190544748?
0
What is the ten thousands digit of 98987778?
8
What is the units digit of 8340994281?
1
What is the ten thousands digit of 60268406?
6
What is the millions digit of 91869228?
1
What is the hundreds digit of 47431560?
5
What is the hundred thousands digit of 377165258?
1
What is the hundred millions digit of 4394018742?
3
What is the units digit of 26299853?
3
What is the tens digit of 42474128?
2
What is the millions digit of 239180038?
9
What is the hundreds digit of 182273313?
3
What is the hundreds digit of 3439136873?
8
What is the thousands digit of 4362527?
2
What is the hundred thousands digit of 177002345?
0
What is the millions digit of 1079606500?
9
What is the hundred thousands digit of 553690262?
6
What is the ten millions digit of 119728323?
1
What is the millions digit of 1018349290?
8
What is the thousands digit of 804117331?
7
What is the units digit of 42538434?
4
What is the millions digit of 2731336177?
1
What is the hundred thousands digit of 1333494665?
4
What is the hundred thousands digit of 3643373372?
3
What is the hundreds digit of 26012168?
1
What is the tens digit of 20531902?
0
What is the billions digit of 8007510219?
8
What is the millions digit of 53380732?
3
What is the ten thousands digit of 575364189?
6
What is the thousands digit of 60698377?
8
What is the thousands digit of 343588112?
8
What is the millions digit of 485131711?
5
What is the units digit of 923745419?
9
What is the millions digit of 51733389?
1
What is the hundred thousands digit of 59292364?
2
What is the millions digit of 812772595?
2
What is the millions digit of 57789339?
7
What is the tens digit of 13990115?
1
What is the hundred thousands digit of 602725052?
7
What is the ten thousands digit of 1937751191?
5
What is the hundred millions digit of 383545093?
3
What is the hundred thousands digit of 873606103?
6
What is the millions digit of 38678245?
8
What is the hundred millions digit of 787799195?
7
What is the tens digit of 428327784?
8
What is the units digit of 5791106439?
9
What is the hundred thousands digit of 2503686064?
6
What is the thousands digit of 22046406?
6
What is the ten millions digit of 120118444?
2
What is the ten millions digit of 54114872?
5
What is the hundreds digit of 475768290?
2
What is the units digit of 53454708?
8
What is the hundreds digit of 176219517?
5
What is the millions digit of 485882611?
5
What is the ten millions digit of 779724379?
7
What is the ten thousands digit of 381745497?
4
What is the hundreds digit of 15726287?
2
What is the hundreds digit of 379009960?
9
What is the ten thousands digit of 6879317839?
1
What is the hundred thousands digit of 23219277?
2
What is the ten thousands digit of 130212308?
1
What is the hundreds digit of 1264874725?
7
What is the ten thousands digit of 6345047842?
4
What is the hundred thousands digit of 1432610230?
6
What is the thousands digit of 951796203?
6
What is the ten thousands digit of 45316673?
1
What is the millions digit of 171761900?
1
What is the units digit of 4849377321?
1
What is the millions digit of 406520089?
6
What is the hundred millions digit of 583897559?
5
What is the ten thousands digit of 73938194?
3
What is the hundred millions digit of 425139615?
4
What is the hundred thousands digit of 135635590?
6
What is the tens digit of 207903515?
1
What is the tens digit of 827566688?
8
What is the hundreds d